et b(u) = -u**2 + 14*u + 5. Calculate the remainder when 179 is divided by b(10).
44
Let l(k) = k**2 - 3*k. Let x be l(4). Suppose 2*s + x*p - 2 = -0, -3*s - 4*p = -5. Calculate the remainder when 11 is divided by s.
2
Let o(a) = a + 49. Let s be o(0). Suppose 5*c + w - 79 = 0, -4*c - 5*w = -s - 10. Suppose 0*j + j - 47 = 0. Calculate the remainder when j is divided by c.
15
Suppose 5*d + 4*n - 462 = -76, -4*d - 4*n = -308. What is the remainder when d is divided by 27?
24
Let f be 18*1/2*-2. Calculate the remainder when 6/15*(2 - f) is divided by 3.
2
Let c = 137 + -92. What is the remainder when c is divided by ((-2)/3)/((-1)/18)?
9
Let z(w) = w + 15. What is the remainder when z(5) is divided by 2/8 + (-43)/(-4)?
9
Suppose 1 = -3*t + 4. Let h(a) = -46*a**3 - a**2 + a. Let p be h(t). Let g = p + 80. Calculate the remainder when g is divided by 12.
10
Let t be ((-4)/6)/((-6)/(-9)). Let a = t + 11. What is the remainder when 19 is divided by a?
9
Suppose -2*f = -6*f - 28. Let s = f - -17. Suppose 5*i + 6 = -z - 0, -i = 2. Calculate the remainder when s is divided by z.
2
Suppose -3*w - 3*w + 48 = 0. Suppose 9 = 4*h + 1, 0 = -2*i + h + 44. What is the remainder when i is divided by w?
7
Let u = 169 + -79. Let x = u - 59. What is the remainder when x is divided by 11?
9
Suppose v + 5 = 2*j - 29, 0 = -2*j - 3*v + 26. What is the remainder when 61 is divided by j?
13
Let r be (1 - -1) + (3 - 4). Let z = 11 - r. What is the remainder when 27 is divided by z?
7
Let i = -71 + 78. Calculate the remainder when 52 is divided by i.
3
Calculate the remainder when ((-4)/(-2))/(-5 - (-591)/117) is divided by 14.
11
Suppose g + 4*o = 18, -2*g - o - o + 12 = 0. Let k(b) = -3 - 4*b + 10*b**2 - g + 7. Calculate the remainder when k(2) is divided by 18.
16
Suppose -4*x + 36 = -x. What is the remainder when 45 is divided by x?
9
Let d be 2/3 - (-304)/(-6). What is the remainder when d*(9/(-6))/3 is divided by 7?
4
Let i(t) = -t**3 + 14*t**2 + 18*t - 5. Suppose -5*j = 3*p - 63, 0 = -3*p + j + 3*j + 63. What is the remainder when i(15) is divided by p?
19
What is the remainder when 31 is divided by 20*(-1)/((-10)/8)?
15
Let q(t) = -t**3 + 5*t**2 + 6*t - 2. Let j be (20/(-4))/(1/(-1)). Calculate the remainder when q(j) is divided by 15.
13
What is the remainder when 29 - (-8*1)/2 is divided by 18?
15
Let y(t) = 13*t - 4. Let b(f) = 3*f + 2 - 5 - 10*f + 1. What is the remainder when y(3) is divided by b(-2)?
11
Suppose 5 = 5*v - 5. Suppose b + 3*d - 11 = -4*b, v*b + 1 = -3*d. What is the remainder when (-2)/4 - 21/(-2) is divided by b?
2
Let j(t) = -t**2 - 5*t + 8. Let i be j(-8). Let r = 6 - i. Calculate the remainder when 87 is divided by r.
21
Suppose 0 = 3*q - 5*q - p + 8, -2*q + 28 = -4*p. Suppose 2*b + i - 23 = 0, 3*b = i - 4*i + 36. Calculate the remainder when b is divided by q.
5
Let j(i) = -4*i + 9. Let b(c) = 5*c - 9. Let p(q) = 6*b(q) + 7*j(q). Calculate the remainder when p(12) is divided by 9.
6
Let t = -181 + 253. What is the remainder when t is divided by 15?
12
Let c = -44 - -63. What is the remainder when 31 is divided by c?
12
Let q = -2 - -7. Let m(o) = -9*o - 14. What is the remainder when m(-3) is divided by q?
3
Let o(t) = -t**3 - 3*t**2 - t - 1. Let g be o(-3). What is the remainder when g/(-3 - 236/(-78)) is divided by 20?
18
Suppose -3*z = -1 - 8. Suppose z*y + 8 = -5*n - 0*y, 3*n + 5*y + 8 = 0. What is the remainder when 28 is divided by 8 + 1 - (n - 0)?
8
Let a(w) = w - 3. Let j be a(7). Let l = j + 1. Calculate the remainder when 12 is divided by l.
2
Suppose 5*n - c + 2*c - 115 = 0, n = -2*c + 23. What is the remainder when 67 is divided by n?
21
Suppose 87 + 78 = 5*g + 4*t, -91 = -3*g - 4*t. Calculate the remainder when g is divided by (-4 - -6 - 9)*30/(-21).
7
Suppose k = 13 - 5. Let g(z) = -z**3 - 11*z**2 + 6. Let j be g(-11). Suppose -j*q + 13 = -5*q. What is the remainder when q is divided by k?
5
Let x(c) = c**3 + 3*c**2 - 5*c - 1. Let q be x(-4). Suppose -7*b + 14 = 3*g - q*b, -b + 2 = 0. Calculate the remainder when (-4 - 1)*(-4)/10 is divided by g.
0
Suppose -4*f + 43 + 1 = 0. What is the remainder when 31 is divided by f?
9
Suppose 3*a - u = 3*u + 87, -5*u = a - 29. Calculate the remainder when 113 is divided by a.
26
Suppose 4*m - 4 = -4*o, 4*o - m - 2*m = 25. What is the remainder when 11 is divided by o?
3
Suppose -11 + 38 = i. Calculate the remainder when i is divided by 6.
3
Let l(y) = 4*y. Let z be l(1). Suppose -2*s + 59 = z*n + 7, 4*s = -2*n + 86. What is the remainder when s is divided by 7?
6
Let k(p) = -p**3 + 5*p**2 + 7*p + 4. Let v be k(6). Let s = 14 + v. Calculate the remainder when 47 is divided by s.
23
Let u(a) = a**2 + 1. Let d be u(-1). Suppose -3*l = -5*z + 13, 5*l + 29 = -z - d. Calculate the remainder when l/(-21) - (-201)/7 is divided by 10.
9
Suppose 0 = -5*n + 192 - 57. What is the remainder when n is divided by 16?
11
Let n(r) = r + 1. Let l be n(8). Suppose -l + 3 = -c. Calculate the remainder when 17 is divided by c.
5
Suppose -h - 1056 = -12*h. What is the remainder when h is divided by 34?
28
Let c = 64 - 26. What is the remainder when 148 is divided by c?
34
Let x = -24 + 47. What is the remainder when x is divided by 13?
10
Let y be (1 - 14/4)*4. What is the remainder when y/(-1)*4/1 is divided by (-1 - 6)*(7 - 9)?
12
Suppose -2*k + 8 = 2*k. Suppose 4*a + 162 = k*h - 0*a, 0 = 3*h + 5*a - 243. What is the remainder when h is divided by 28?
25
Let v(u) = -2*u - 13. What is the remainder when 49 is divided by v(-13)?
10
Let b be (-2)/(-2) - (-8)/4. Let f = 3 - b. Suppose f = 3*h - r - 31, 34 = 4*h + r - 19. What is the remainder when 34 is divided by h?
10
Suppose 2*u - 48 = 3*u. Let t = 75 + u. What is the remainder when 107 is divided by t?
26
Suppose -3*q = -3*z + 108, 2*z - 2*q - 3*q = 72. Calculate the remainder when z is divided by 19.
17
Let p = 19 + -4. Let u be (-4)/((-2)/p*1). Suppose 16 = 4*f, -3*x = 2*f - 26 - u. Calculate the remainder when x is divided by 9.
7
Let g = 26 - 14. Suppose 2*r = 4*r - 6. Suppose -4*c - r*d = -134, -7*d + 2*d + 60 = 2*c. What is the remainder when c is divided by g?
11
Let m(v) = 3*v**2 - 5*v - 6. What is the remainder when 64 is divided by m(4)?
20
Let c(u) = u + 5. Let b = -4 - -4. Calculate the remainder when 3*3/(2 + -1) is divided by c(b).
4
Suppose 2*w + w - 43 = -5*m, -2*w - m + 17 = 0. Suppose 0 = -3*p - 3*x + 69, -1 = -p - 5*x + w. What is the remainder when p is divided by 7?
6
Let r = -7 + 10. What is the remainder when 9 is divided by r?
0
Suppose -5*z = 2*w - 26, 4*z + 2*w - 22 = w. Suppose 2*p + 60 = z*p. Calculate the remainder when 44 is divided by p.
14
Suppose 3*r + 0*r = -6. What is the remainder when (18/(-4))/(11/(-110)) is divided by 1/((-25)/(-12) + r)?
9
Suppose 0 = -t - 3*x + 26, t + x = 28 - 10. What is the remainder when (-4)/(-10) + -9*88/(-20) is divided by t?
12
Suppose -8 = 4*w, -1 = -u - 3*w - 10. What is the remainder when 38 is divided by (-51)/u - 0 - -3?
18
Let h be 0*2*(-2)/8. Suppose h = -k + 3 + 4. Calculate the remainder when 13 is divided by k.
6
Let y(r) = 0*r**3 - 7*r - 2*r**2 + 5 - r**3 + 10*r**2. Suppose 3*f = -3, -3*g + 9 = -g + 5*f. What is the remainder when 9 is divided by y(g)?
4
Let p = -15 - -33. Calculate the remainder when p is divided by 7.
4
Suppose -5*t + 52 - 2 = 0. Suppose 54 = 4*i - t. Suppose -65 = -4*r + 119. Calculate the remainder when r is divided by i.
14
Let x = -32 + 40. Calculate the remainder when 31 is divided by x.
7
Suppose 0*d - 4 = -d. Suppose -48 = -2*c + p - d*p, -3*p = 5*c - 102. Calculate the remainder when c is divided by 7.
4
Suppose 4*w - 140 = -48. Let j(c) = -4*c - 8. Calculate the remainder when w is divided by j(-5).
11
Let a = 30 + -19. Let i = -10 + 14. Calculate the remainder when a is divided by i.
3
Suppose s - 3*s = -20. Let b = 51 + -22. What is the remainder when b is divided by s?
9
Suppose -m = -5*m - 4*h + 136, m - 26 = 3*h. What is the remainder when 158 is divided by m?
30
Let q = -31 + 63. What is the remainder when 59 is divided by q?
27
Let s(w) = -2*w - 3. What is the remainder when s(-3) is divided by 1?
0
Calculate the remainder when 39 is divided by (-96)/(-7) + (-6)/(-21).
11
Let k be 3/((-9)/(-15)) + -1. Suppose -2*t = 4*v - 12, -11 = -5*v + k*t 